highest common factor of 253341 and 2430?
27
What is the greatest common factor of 1577 and 66811771?
19
Calculate the greatest common divisor of 39930 and 6781566.
726
What is the highest common divisor of 109635647 and 341?
11
What is the highest common divisor of 63729077 and 1933?
1933
Calculate the greatest common divisor of 35960 and 271560.
1240
Calculate the greatest common factor of 71016 and 72.
24
Calculate the highest common factor of 172329 and 83793.
1581
Calculate the greatest common divisor of 212005 and 571705.
545
Calculate the highest common factor of 4711 and 1589.
7
What is the greatest common factor of 2585594 and 1408?
22
Calculate the greatest common factor of 180676245 and 15.
15
Calculate the greatest common factor of 300 and 63587600.
100
What is the greatest common divisor of 16766 and 294816?
166
Calculate the highest common divisor of 2058941 and 831.
277
What is the greatest common factor of 952336153 and 6374?
3187
Calculate the greatest common divisor of 239984 and 60208.
848
What is the highest common factor of 66 and 34200298?
22
Calculate the highest common factor of 3880056 and 25242.
3606
Calculate the greatest common divisor of 15477808 and 32.
16
Calculate the highest common divisor of 2719263742 and 1742.
1742
What is the greatest common divisor of 288 and 28680336?
144
What is the greatest common divisor of 6815145 and 150?
15
Calculate the greatest common factor of 49 and 35637175.
7
Calculate the greatest common divisor of 2024094 and 1824.
6
Calculate the highest common factor of 17561493 and 612.
153
What is the greatest common factor of 675 and 8685765?
135
Calculate the greatest common factor of 43580070 and 5.
5
What is the highest common factor of 10564250 and 13250?
250
Calculate the highest common divisor of 21451008 and 13888.
1984
Calculate the greatest common factor of 577 and 50553855.
577
What is the highest common divisor of 118234 and 310000?
62
What is the highest common factor of 68825383 and 209?
11
What is the highest common divisor of 8410 and 30667906?
1682
What is the greatest common divisor of 4234476 and 3162?
186
What is the greatest common factor of 23129090 and 10?
10
What is the greatest common divisor of 426020 and 339864?
476
Calculate the greatest common factor of 3 and 5132835.
3
Calculate the greatest common divisor of 121125 and 971907.
969
What is the greatest common divisor of 3878648 and 32?
8
What is the greatest common divisor of 754435 and 18920?
2365
Calculate the greatest common divisor of 431 and 151833542.
431
What is the greatest common divisor of 9499840 and 16?
16
What is the greatest common divisor of 560267 and 676244?
577
Calculate the highest common factor of 10044 and 96100.
124
Calculate the greatest common divisor of 287 and 307075609.
41
What is the greatest common divisor of 160333 and 713?
23
What is the greatest common factor of 25902162 and 16731?
1287
Calculate the highest common factor of 3424 and 868576.
32
Calculate the greatest common factor of 556445580 and 180.
60
Calculate the highest common divisor of 2421625 and 4000.
125
Calculate the greatest common divisor of 16464 and 199078572.
4116
Calculate the highest common factor of 9016 and 4248836.
92
Calculate the highest common divisor of 7797394 and 517.
517
What is the greatest common factor of 675 and 53442531?
27
Calculate the greatest common divisor of 43427295 and 1269.
423
Calculate the highest common factor of 299 and 10375001.
299
Calculate the greatest common divisor of 4642 and 225429446.
4642
Calculate the greatest common divisor of 59044 and 28188.
116
What is the greatest common factor of 3 and 358445931?
3
What is the greatest common factor of 46698776 and 6209?
887
What is the highest common factor of 516522 and 3038?
62
What is the greatest common factor of 532938 and 231?
21
What is the highest common factor of 11206 and 1583267725?
5603
Calculate the greatest common divisor of 27 and 1166374431.
27
Calculate the highest common factor of 379919728 and 9264.
3088
What is the highest common divisor of 303495810 and 1380?
690
Calculate the highest common factor of 7238097 and 8370.
279
Calculate the highest common factor of 182 and 7796438.
26
What is the highest common factor of 418489 and 689894?
1751
What is the greatest common factor of 4226735 and 500?
5
Calculate the greatest common divisor of 24079 and 48059495.
2189
What is the highest common divisor of 4592000 and 26978?
574
Calculate the highest common factor of 798 and 446664939.
399
Calculate the highest common factor of 9408 and 781632.
192
What is the highest common factor of 45730 and 13475824?
538
What is the highest common factor of 65 and 1558705421?
13
Calculate the highest common divisor of 472 and 327184.
8
Calculate the greatest common factor of 25609543 and 669.
223
Calculate the greatest common divisor of 10816 and 295612096.
10816
What is the greatest common factor of 99 and 21866955?
33
What is the highest common divisor of 113 and 31400779?
113
What is the greatest common divisor of 1184 and 237752528?
592
Calculate the highest common divisor of 48 and 1132458032.
16
What is the greatest common divisor of 4726784 and 6924?
2308
What is the highest common divisor of 50890 and 24150?
70
What is the greatest common divisor of 2411205 and 498249?
2001
What is the greatest common divisor of 93236134 and 7330?
1466
Calculate the highest common divisor of 484 and 3579356.
44
What is the highest common divisor of 7797 and 7549869?
339
Calculate the greatest common factor of 6000 and 1779694000.
2000
What is the highest common factor of 8640 and 345150?
90
Calculate the greatest common divisor of 1568 and 11560668.
196
What is the highest common factor of 3304 and 154776?
8
What is the highest common divisor of 11 and 1411826537?
11
Calculate the highest common factor of 85752 and 9096461.
397
What is the greatest common divisor of 34507820 and 161?
23
What is the greatest common divisor of 2406 and 2800248?
6
What is the highest common factor of 457045420 and 3323?
3323
What is the highest common divisor of 54468 and 47617?
17
What is the highest common divisor of 1695278 and 36634?
26
Calculate the highest common divisor of 8075175 and 402.
201
Calculate the greatest common divisor of 698 and 41555430.
698
Calculate the greatest common factor of 344455 and 43.
1
What is the greatest common factor of 155985 and 2265?
15
What is the greatest common factor of 136405364 and 4808?
2404
What is the highest common factor of 998971 and 39559?
17
What is the greatest common divisor of 4032 and 2736832?
448
Calculate the highest common divisor of 217978 and 8.
2
Calculate the greatest common divisor of 169165 and 677810.
115
Calculate the greatest common divisor of 210 and 558243910.
70
Calculate the greatest common divisor of 122560240 and 10.
10
What is the greatest common divisor of 13815101 and 208828?
1411
What is the highest common factor of 3552228 and 160704?
3348
Calculate the greatest common factor of 252 and 39589620.
84
Calculate the greatest common factor of 55164396 and 1764.
588
What is the highest common factor of 19970 and 189590?
10
Calculate the highest common divisor of 168 and 2961399.
21
Calculate the greatest common divisor of 527198 and 350.
14
What is the greatest common divisor of 282510 and 477639?
657
Calculate the highest common factor of 166379894 and 11354.
1622
Calculate the greatest common divisor of 107623 and 41026.
281
Calculate the highest common factor of 7318 and 272.
2
Calculate the highest common factor of 4600 and 12329288.
184
What is the greatest common factor of 1312 and 1322127?
41
Calculate the highest common factor of 81 and 298341.
9
Calculate the greatest common divisor of 19 and 303745229.
19
What is the greatest common factor of 12663 and 3974373?
1809
Calculate the highest common factor of 1324 and 246724.
4
Calculate the highest common factor of 407377611 and 9.
9
Calculate the highest common factor of 700 and 6544900.
100
What is the highest common divisor of 85 and 8961567?
17
What is the highest common divisor of 4640 and 327555?
145
Calculate the highest common divisor of 2142 and 47026014.
42
What is the greatest common factor of 3145 and 2738185?
